{"id":98,"date":"2017-08-31T17:42:01","date_gmt":"2017-08-31T17:42:01","guid":{"rendered":"http:\/\/www.dmklast4.cz\/rs\/wordpress\/?page_id=98"},"modified":"2025-08-19T11:24:46","modified_gmt":"2025-08-19T09:24:46","slug":"pedagogicky-sbor","status":"publish","type":"page","link":"https:\/\/www.dmklast4.cz\/index.php\/kontakty\/pedagogicky-sbor\/","title":{"rendered":"Pedagogick\u00fd sbor"},"content":{"rendered":"\n<div class=\"wp-block-columns is-layout-flex wp-container-core-columns-is-layout-9d6595d7 wp-block-columns-is-layout-flex\">\n<div class=\"wp-block-column is-vertically-aligned-top is-layout-flow wp-block-column-is-layout-flow\" style=\"flex-basis:50%\">\n<p class=\"has-yellow-background-color has-background\"><strong><mark style=\"background-color:rgba(0, 0, 0, 0);color:#ed2630\" class=\"has-inline-color\">sborovna<\/mark><\/strong><br><strong>telefonick\u00e9 spojen\u00ed<\/strong><br><sub>605 778 051<br><\/sub><sup><strong>omluvenky, <\/strong><\/sup><sup><strong>zm\u011bny p\u0159\u00edjezd\u016f<\/strong><\/sup><\/p>\n<\/div>\n\n\n\n<div class=\"wp-block-column is-vertically-aligned-top is-layout-flow wp-block-column-is-layout-flow\" style=\"flex-basis:50%\">\n<div class=\"wp-block-columns is-layout-flex wp-container-core-columns-is-layout-9d6595d7 wp-block-columns-is-layout-flex\">\n<div class=\"wp-block-column is-layout-flow wp-block-column-is-layout-flow\" style=\"flex-basis:100%\">\n<p><strong><mark style=\"background-color:rgba(0, 0, 0, 0);color:#ed2630\" class=\"has-inline-color\">vedouc\u00ed vychovatelka<\/mark><br>Bc. Monika \u0160pinarov\u00e1<br><\/strong><sub>732 598 866<br><\/sub><sup>spinarova.dmklast@seznam.cz<\/sup><\/p>\n<\/div>\n<\/div>\n<\/div>\n<\/div>\n\n\n\n<div class=\"wp-block-columns is-layout-flex wp-container-core-columns-is-layout-9d6595d7 wp-block-columns-is-layout-flex\">\n<div class=\"wp-block-column is-layout-flow wp-block-column-is-layout-flow\" style=\"flex-basis:50%\">\n<div class=\"wp-block-group\"><div class=\"wp-block-group__inner-container is-layout-flow wp-block-group-is-layout-flow\">\n<p><strong><mark style=\"background-color:rgba(0, 0, 0, 0);color:#ed2630\" class=\"has-inline-color\">1. skupina<\/mark><\/strong><br><strong>Mgr. Michal Boubel\u00edk<br><\/strong><sup>boubelik.dmklast@seznam.cz<\/sup><\/p>\n\n\n\n<p><strong><mark style=\"background-color:rgba(0, 0, 0, 0);color:#ed2630\" class=\"has-inline-color\">2. skupina<\/mark><\/strong><br><strong>Mgr. Michaela \u0160idlejov\u00e1, DiS.<br><\/strong><sup>sidlejova.dmklast@seznam.cz<\/sup><\/p>\n\n\n\n<p><strong><mark style=\"background-color:rgba(0, 0, 0, 0);color:#ed2630\" class=\"has-inline-color\">3. skupina<\/mark><\/strong><br><strong>Mgr. Bc. Veronika Filipov\u00e1<\/strong><br><sup>filipova.dmklast@seznam.cz<\/sup><\/p>\n\n\n\n<p><strong><mark style=\"background-color:rgba(0, 0, 0, 0);color:#ed2630\" class=\"has-inline-color\">4. skupina<\/mark><\/strong><br><strong>Tom\u00e1\u0161 Dorazil<br><\/strong><sup>dorazil.dmklast@seznam.cz<\/sup><\/p>\n\n\n\n<p><strong><mark style=\"background-color:rgba(0, 0, 0, 0);color:#ed2630\" class=\"has-inline-color\">5. skupina<\/mark><\/strong><br><strong>Gabriela Proch\u00e1zkov\u00e1<br><\/strong><sup>prochazkova.dmklast@seznam.cz<\/sup><\/p>\n\n\n\n<p><strong><mark style=\"background-color:rgba(0, 0, 0, 0);color:#ed2630\" class=\"has-inline-color\">6. skupina<\/mark><\/strong><br><strong>Mgr. Tom\u00e1\u0161 P\u00e1sek<br><\/strong><sup>pasek.dmklast@seznam.cz<\/sup><\/p>\n\n\n\n<p><strong><mark style=\"background-color:rgba(0, 0, 0, 0);color:#ed2630\" class=\"has-inline-color\">7. skupina<\/mark><\/strong><br><strong>Mark\u00e9ta Pe\u0161kov\u00e1<br><\/strong><sup>peskova.dmklast@seznam.cz<\/sup><\/p>\n\n\n\n<p><strong><mark style=\"background-color:rgba(0, 0, 0, 0);color:#ed2630\" class=\"has-inline-color\">8. skupina<\/mark><\/strong><br><strong>Bc. Pavla Motl\u00ed\u010dkov\u00e1<br><\/strong><sup>motlickova.dmklast@seznam.cz<\/sup><\/p>\n<\/div><\/div>\n<\/div>\n\n\n\n<div class=\"wp-block-column is-layout-flow wp-block-column-is-layout-flow\" style=\"flex-basis:50%\">\n<p><strong><mark style=\"background-color:rgba(0, 0, 0, 0);color:#ed2630\" class=\"has-inline-color\">9.&nbsp;skupina<\/mark><\/strong><br><strong>Drahom\u00edra Hub\u00e1\u010dkov\u00e1<br><\/strong><sup>hubackova.dmklast@seznam.cz<\/sup><\/p>\n\n\n\n<p><strong><mark style=\"background-color:rgba(0, 0, 0, 0);color:#ed2630\" class=\"has-inline-color\">10. skupina<\/mark><\/strong><br><strong>Dana P\u00e1skov\u00e1<br><\/strong><sup>paskova.dmklast@seznam.cz<\/sup><br><strong>Hana Prista\u0161ov\u00e1<br><\/strong><sup>pristasovah.dmklast@seznam.cz<\/sup><\/p>\n\n\n\n<p><strong><mark style=\"background-color:rgba(0, 0, 0, 0);color:#ed2630\" class=\"has-inline-color\">11.&nbsp;skupina<\/mark><\/strong><br><strong>Anna Tinkov\u00e1<\/strong><br><sup>tinkova.dmklast@seznam.cz<\/sup><\/p>\n\n\n\n<p><strong><mark style=\"background-color:rgba(0, 0, 0, 0);color:#ed2630\" class=\"has-inline-color\">12.&nbsp;skupina<\/mark><\/strong><br><strong>Jana Svobodov\u00e1<\/strong><br><sup>svobodova.dmklast@seznam.cz<\/sup><\/p>\n\n\n\n<p><strong><mark style=\"background-color:rgba(0, 0, 0, 0);color:#ed2630\" class=\"has-inline-color\">13. skupina<\/mark><\/strong><br><strong>Jaroslava Kadl\u010dkov\u00e1<br><\/strong><sup>kadlckova.dmklast@seznam.cz<\/sup><\/p>\n\n\n\n<p><strong><mark style=\"background-color:rgba(0, 0, 0, 0)\" class=\"has-inline-color has-medium-pink-color\">14. sku<\/mark><mark style=\"background-color:rgba(0, 0, 0, 0);color:#ed2630\" class=\"has-inline-color\">pina<\/mark><\/strong><br><strong>Hana Halvov\u00e1<br><\/strong><sup>halvova.dmklast@seznam.cz<\/sup><\/p>\n\n\n\n<p><strong><mark style=\"background-color:rgba(0, 0, 0, 0);color:#ed2630\" class=\"has-inline-color\">15.&nbsp;skupina<\/mark><\/strong><br><strong>Barbora Kumhal Posp\u00ed\u0161ilov\u00e1<br><\/strong><sup>pospisilova.dmklast@seznam.cz<\/sup><\/p>\n<\/div>\n<\/div>\n\n\n\n<p><\/p>\n","protected":false},"excerpt":{"rendered":"<p>sborovnatelefonick\u00e9 spojen\u00ed605 778 051omluvenky, zm\u011bny p\u0159\u00edjezd\u016f vedouc\u00ed vychovatelkaBc. Monika \u0160pinarov\u00e1732 598 866spinarova.dmklast@seznam.cz 1. skupinaMgr. Michal Boubel\u00edkboubelik.dmklast@seznam.cz 2. skupinaMgr. Michaela \u0160idlejov\u00e1, DiS.sidlejova.dmklast@seznam.cz 3. skupinaMgr. Bc. Veronika Filipov\u00e1filipova.dmklast@seznam.cz 4. skupinaTom\u00e1\u0161 Dorazildorazil.dmklast@seznam.cz 5. skupinaGabriela Proch\u00e1zkov\u00e1prochazkova.dmklast@seznam.cz 6. skupinaMgr. Tom\u00e1\u0161 P\u00e1sekpasek.dmklast@seznam.cz 7. skupinaMark\u00e9ta Pe\u0161kov\u00e1peskova.dmklast@seznam.cz 8. skupinaBc. Pavla Motl\u00ed\u010dkov\u00e1motlickova.dmklast@seznam.cz 9.&nbsp;skupinaDrahom\u00edra Hub\u00e1\u010dkov\u00e1hubackova.dmklast@seznam.cz 10. skupinaDana P\u00e1skov\u00e1paskova.dmklast@seznam.czHana Prista\u0161ov\u00e1pristasovah.dmklast@seznam.cz 11.&nbsp;skupinaAnna Tinkov\u00e1tinkova.dmklast@seznam.cz 12.&nbsp;skupinaJana Svobodov\u00e1svobodova.dmklast@seznam.cz 13. skupinaJaroslava &hellip; <a href=\"https:\/\/www.dmklast4.cz\/index.php\/kontakty\/pedagogicky-sbor\/\" class=\"more-link\">Pokra\u010dov\u00e1n\u00ed textu <span class=\"screen-reader-text\">Pedagogick\u00fd sbor<\/span><\/a><\/p>\n","protected":false},"author":3,"featured_media":0,"parent":63,"menu_order":0,"comment_status":"closed","ping_status":"closed","template":"","meta":{"footnotes":""},"class_list":["post-98","page","type-page","status-publish","hentry"],"_links":{"self":[{"href":"https:\/\/www.dmklast4.cz\/index.php\/wp-json\/wp\/v2\/pages\/98","targetHints":{"allow":["GET"]}}],"collection":[{"href":"https:\/\/www.dmklast4.cz\/index.php\/wp-json\/wp\/v2\/pages"}],"about":[{"href":"https:\/\/www.dmklast4.cz\/index.php\/wp-json\/wp\/v2\/types\/page"}],"author":[{"embeddable":true,"href":"https:\/\/www.dmklast4.cz\/index.php\/wp-json\/wp\/v2\/users\/3"}],"replies":[{"embeddable":true,"href":"https:\/\/www.dmklast4.cz\/index.php\/wp-json\/wp\/v2\/comments?post=98"}],"version-history":[{"count":54,"href":"https:\/\/www.dmklast4.cz\/index.php\/wp-json\/wp\/v2\/pages\/98\/revisions"}],"predecessor-version":[{"id":5601,"href":"https:\/\/www.dmklast4.cz\/index.php\/wp-json\/wp\/v2\/pages\/98\/revisions\/5601"}],"up":[{"embeddable":true,"href":"https:\/\/www.dmklast4.cz\/index.php\/wp-json\/wp\/v2\/pages\/63"}],"wp:attachment":[{"href":"https:\/\/www.dmklast4.cz\/index.php\/wp-json\/wp\/v2\/media?parent=98"}],"curies":[{"name":"wp","href":"https:\/\/api.w.org\/{rel}","templated":true}]}}