{"id":84,"date":"2017-08-18T15:23:34","date_gmt":"2017-08-18T15:23:34","guid":{"rendered":"http:\/\/www.dmklast4.cz\/rs\/wordpress\/?page_id=84"},"modified":"2025-12-29T08:56:43","modified_gmt":"2025-12-29T07:56:43","slug":"prihlasky","status":"publish","type":"page","link":"https:\/\/www.dmklast4.cz\/index.php\/prihlasky\/","title":{"rendered":"P\u0159ihl\u00e1\u0161ka \/ ukon\u010den\u00ed"},"content":{"rendered":"\n<p><em>V\u00e1\u017een\u00ed rodi\u010de, z\u00e1konn\u00ed z\u00e1stupci nezletil\u00fdch \u017e\u00e1k\u016f, \u017e\u00e1kyn\u00ed, zletil\u00ed \u017e\u00e1ci, \u017e\u00e1kyn\u011b a studenti!<\/em><\/p>\n\n\n\n<p><em>V souladu s vyhl\u00e1\u0161kou&nbsp;108\/2005 Sb.&nbsp;o \u0161kolsk\u00fdch v\u00fdchovn\u00fdch a ubytovac\u00edch za\u0159\u00edzen\u00edch a \u0161kolsk\u00fdch \u00fa\u010delov\u00fdch za\u0159\u00edzen\u00edch podle \u00a74 \u0159editel DMaZ\u0160SB, p.o. oznamuje, \u017ee&nbsp;<strong>dne\u0161n\u00edm dnem lze pod\u00e1vat p\u0159ihl\u00e1\u0161ky do domova ml\u00e1de\u017ee<\/strong>&nbsp;na \u0161koln\u00ed rok 2026\/2027.<\/em><\/p>\n\n\n\n<p class=\"has-text-align-left\"><em>V Brn\u011b, dne 1. 1. 202<\/em>6<\/p>\n\n\n\n<p class=\"has-text-align-right\"><em>Mgr. Dalibor Fiala, \u0159editel DMaZ\u0160SB, p.o.<\/em><\/p>\n\n\n\n<div style=\"height:30px\" aria-hidden=\"true\" class=\"wp-block-spacer\"><\/div>\n\n\n\n<p class=\"has-text-color has-link-color wp-elements-93ab16d7949cddee94fc3ff616dffef7\" style=\"color:#ed2630\"><strong>POZOR! Platba za ubytov\u00e1n\u00ed na \u0161koln\u00ed rok 2026\/2027 (od z\u00e1\u0159\u00ed 2026) se m\u011bn\u00ed na 1800 K\u010d za t\u0159\u00edl\u016f\u017ekov\u00fd pokoj a 2100 K\u010d za dvoul\u016f\u017ekov\u00fd!<\/strong><\/p>\n\n\n\n<div class=\"wp-block-buttons is-content-justification-left is-layout-flex wp-container-core-buttons-is-layout-fdcfc74e wp-block-buttons-is-layout-flex\">\n<div class=\"wp-block-button has-custom-width wp-block-button__width-50\"><a class=\"wp-block-button__link has-background has-custom-font-size wp-element-button\" href=\"http:\/\/www.dmklast4.cz\/wp-content\/uploads\/2022\/04\/Prihlaska-k-ubytovani-5-elektronicka.pdf\" style=\"border-radius:0px;background-color:#003153;font-size:14px\" target=\"_blank\" rel=\"noreferrer noopener\">P\u0158IHL\u00c1\u0160KA K UBYTOV\u00c1N\u00cd 2025\/2026<\/a><\/div>\n\n\n\n<div class=\"wp-block-button has-custom-width wp-block-button__width-50\"><a class=\"wp-block-button__link has-background has-custom-font-size wp-element-button\" href=\"http:\/\/www.dmklast4.cz\/wp-content\/uploads\/2025\/12\/Prihlaska-k-ubytovani-6.pdf\" style=\"border-radius:0px;background-color:#ed2630;font-size:14px\" target=\"_blank\" rel=\"noreferrer noopener\">P\u0158IHL\u00c1\u0160KA K UBYTOV\u00c1N\u00cd 2026\/2027<\/a><\/div>\n\n\n\n<div class=\"wp-block-button has-custom-width wp-block-button__width-50\"><a class=\"wp-block-button__link has-background has-custom-font-size wp-element-button\" href=\"http:\/\/www.dmklast4.cz\/wp-content\/uploads\/2022\/04\/Zadost-o-ukonceni-pobytu-4.pdf\" style=\"border-radius:0px;background-color:#003153;font-size:14px\" target=\"_blank\" rel=\"noreferrer noopener\">\u017d\u00c1DOST O UKON\u010cEN\u00cd POBYTU<\/a><\/div>\n\n\n\n<div class=\"wp-block-button has-custom-width wp-block-button__width-50\"><a class=\"wp-block-button__link has-background has-custom-font-size wp-element-button\" href=\"http:\/\/www.dmklast4.cz\/wp-content\/uploads\/2022\/04\/Zadost-o-ukonceni-pobytu-RFA-3.pdf\" style=\"border-radius:0px;background-color:#003153;font-size:14px\" target=\"_blank\" rel=\"noreferrer noopener\">\u017d\u00c1DOST O UKON\u010cEN\u00cd POBYTU (RFA)<\/a><\/div>\n<\/div>\n\n\n\n<h2 class=\"wp-block-heading\"><strong><span style=\"color: #003366;\"><span style=\"color:#003153\" class=\"has-inline-color\">JAK POSLAT P\u0158IHL\u00c1\u0160KU?<\/span><\/span><\/strong><\/h2>\n\n\n\n<p>Klikn\u011bte v\u00fd\u0161e na odkaz P\u0158IHL\u00c1\u0160KA K UBYTOV\u00c1N\u00cd a vypl\u0148te elektronick\u00fd formul\u00e1\u0159. Ujist\u011bte se, zda jsou v\u0161echny uveden\u00e9 \u00fadaje spr\u00e1vn\u00e9. Pot\u00e9 formul\u00e1\u0159 st\u00e1hn\u011bte do sv\u00e9ho po\u010d\u00edta\u010de a vyberte jeden z mo\u017en\u00fdch postup\u016f odesl\u00e1n\u00ed:<br><br><strong>1) FYZICK\u00dd PODPIS:<\/strong> P\u0159ihl\u00e1\u0161ku vytiskn\u011bte, podepi\u0161te, oskenujte (p\u0159\u00edpadn\u011b v dobr\u00e9 kvalit\u011b vyfotografujte) a ode\u0161lete na e-mailovou adresu <em>dmklast4@seznam.cz<\/em> (do p\u0159edm\u011btu e-mailu napi\u0161te P\u0159ihl\u00e1\u0161ka Jm\u00e9no P\u0159\u00edjmen\u00ed).<br><br><strong>2)<\/strong> <strong>DIGIT\u00c1LN\u00cd PODPIS:<\/strong> P\u0159ihl\u00e1\u0161ku podepi\u0161te elektronicky, pokud disponujete certifikovan\u00fdm digit\u00e1ln\u00edm podpisem, a ode\u0161lete na e-mailovou adresu <em>dmklast4@seznam.cz<\/em> (do p\u0159edm\u011btu e-mailu napi\u0161te P\u0159ihl\u00e1\u0161ka Jm\u00e9no P\u0159\u00edjmen\u00ed).<br><br><strong>3) DATOV\u00c1 SCHR\u00c1NKA:<\/strong> P\u0159ihl\u00e1\u0161ku ode\u0161lete pomoc\u00ed sv\u00e9 datov\u00e9 schr\u00e1nky na <em>jxtxfy8 <\/em>(ID datov\u00e9 schr\u00e1nky domova ml\u00e1de\u017ee). Do p\u0159edm\u011btu zpr\u00e1vy napi\u0161te P\u0159ihl\u00e1\u0161ka Jm\u00e9no P\u0159\u00edjmen\u00ed).<\/p>\n\n\n\n<h2 class=\"wp-block-heading\"><strong><span style=\"color: #003366;\"><span style=\"color:#003153\" class=\"has-inline-color\">STORNO P\u0158IHL\u00c1\u0160KY A POPLATKY<\/span><\/span><\/strong><\/h2>\n\n\n\n<p><strong>Pokud ozn\u00e1m\u00edte zru\u0161en\u00ed n\u00e1stupu do DM<\/strong><br>1) <strong>do 7. srpna,<\/strong> vr\u00e1t\u00edme v\u00e1m \u010d\u00e1stku v pln\u00e9 v\u00fd\u0161i;<br>2) <strong>od 8<\/strong>. <strong>do 20. srpna,<\/strong> \u00fa\u010dtujeme 10 %  z \u010d\u00e1stky jako poplatek za storno;<br>3) <strong>po 20. srpnu,<\/strong> \u00fa\u010dtujeme 30 %  z \u010d\u00e1stky jako poplatek za storno.<\/p>\n","protected":false},"excerpt":{"rendered":"<p>V\u00e1\u017een\u00ed rodi\u010de, z\u00e1konn\u00ed z\u00e1stupci nezletil\u00fdch \u017e\u00e1k\u016f, \u017e\u00e1kyn\u00ed, zletil\u00ed \u017e\u00e1ci, \u017e\u00e1kyn\u011b a studenti! V souladu s vyhl\u00e1\u0161kou&nbsp;108\/2005 Sb.&nbsp;o \u0161kolsk\u00fdch v\u00fdchovn\u00fdch a ubytovac\u00edch za\u0159\u00edzen\u00edch a \u0161kolsk\u00fdch \u00fa\u010delov\u00fdch za\u0159\u00edzen\u00edch podle \u00a74 \u0159editel DMaZ\u0160SB, p.o. oznamuje, \u017ee&nbsp;dne\u0161n\u00edm dnem lze pod\u00e1vat p\u0159ihl\u00e1\u0161ky do domova ml\u00e1de\u017ee&nbsp;na \u0161koln\u00ed rok 2026\/2027. V Brn\u011b, dne 1. 1. 2026 Mgr. Dalibor Fiala, \u0159editel DMaZ\u0160SB, p.o. &hellip; <a href=\"https:\/\/www.dmklast4.cz\/index.php\/prihlasky\/\" class=\"more-link\">Pokra\u010dov\u00e1n\u00ed textu <span class=\"screen-reader-text\">P\u0159ihl\u00e1\u0161ka \/ ukon\u010den\u00ed<\/span><\/a><\/p>\n","protected":false},"author":3,"featured_media":0,"parent":0,"menu_order":0,"comment_status":"closed","ping_status":"closed","template":"","meta":{"footnotes":""},"class_list":["post-84","page","type-page","status-publish","hentry"],"_links":{"self":[{"href":"https:\/\/www.dmklast4.cz\/index.php\/wp-json\/wp\/v2\/pages\/84","targetHints":{"allow":["GET"]}}],"collection":[{"href":"https:\/\/www.dmklast4.cz\/index.php\/wp-json\/wp\/v2\/pages"}],"about":[{"href":"https:\/\/www.dmklast4.cz\/index.php\/wp-json\/wp\/v2\/types\/page"}],"author":[{"embeddable":true,"href":"https:\/\/www.dmklast4.cz\/index.php\/wp-json\/wp\/v2\/users\/3"}],"replies":[{"embeddable":true,"href":"https:\/\/www.dmklast4.cz\/index.php\/wp-json\/wp\/v2\/comments?post=84"}],"version-history":[{"count":87,"href":"https:\/\/www.dmklast4.cz\/index.php\/wp-json\/wp\/v2\/pages\/84\/revisions"}],"predecessor-version":[{"id":5922,"href":"https:\/\/www.dmklast4.cz\/index.php\/wp-json\/wp\/v2\/pages\/84\/revisions\/5922"}],"wp:attachment":[{"href":"https:\/\/www.dmklast4.cz\/index.php\/wp-json\/wp\/v2\/media?parent=84"}],"curies":[{"name":"wp","href":"https:\/\/api.w.org\/{rel}","templated":true}]}}