{"id":491,"date":"2019-09-04T19:48:18","date_gmt":"2019-09-04T19:48:18","guid":{"rendered":"http:\/\/www.dmklast4.cz\/rs\/wordpress\/?page_id=491"},"modified":"2022-04-21T12:38:00","modified_gmt":"2022-04-21T10:38:00","slug":"prohlaseni-o-pristupnosti","status":"publish","type":"page","link":"https:\/\/www.dmklast4.cz\/index.php\/prohlaseni-o-pristupnosti\/","title":{"rendered":"Prohl\u00e1\u0161en\u00ed o p\u0159\u00edstupnosti"},"content":{"rendered":"\n<p><strong>Domov ml\u00e1de\u017ee a za\u0159\u00edzen\u00ed \u0161koln\u00edho stravov\u00e1n\u00ed Brno, p.o.<\/strong> se zavazuje k zp\u0159\u00edstupn\u011bn\u00ed sv\u00e9 webov\u00e9 str\u00e1nky v souladu s vnitrost\u00e1tn\u00edmi pr\u00e1vn\u00edmi p\u0159edpisy, kter\u00e9 prov\u00e1d\u011bj\u00ed sm\u011brnici Evropsk\u00e9ho parlamentu a Rady (EU) 2016\/2102 ze dne 26.10. 2016 o p\u0159\u00edstupnosti webov\u00fdch str\u00e1nek a mobiln\u00edch aplikac\u00ed subjekt\u016f ve\u0159ejn\u00e9ho sektoru.<\/p>\n\n\n\n<p>Toto prohl\u00e1\u0161en\u00ed o p\u0159\u00edstupnosti se vztahuje na tuto webovou str\u00e1nku.<\/p>\n\n\n\n<p><span style=\"color: #003366;\"><strong><span style=\"color:#003153\" class=\"has-inline-color\">STAV SOULADU<\/span><br><\/strong><\/span>Tato webov\u00e1 str\u00e1nka je pln\u011b v souladu s vnitrost\u00e1tn\u00edmi pr\u00e1vn\u00edmi p\u0159edpisy, kter\u00e9 prov\u00e1d\u011bj\u00ed sm\u011brnici Evropsk\u00e9ho parlamentu a Rady (EU) 2016\/2102.<\/p>\n\n\n\n<p><span style=\"color: #003366;\"><strong><span style=\"color:#003153\" class=\"has-inline-color\">VYPRACOV\u00c1N\u00cd TOHOTO PROHL\u00c1\u0160EN\u00cd O P\u0158\u00cdSTUPNOSTI<\/span><br><\/strong><\/span>Toto prohl\u00e1\u0161en\u00ed bylo vypracov\u00e1no dne 4. 9. 2019.<br>Prohl\u00e1\u0161en\u00ed bylo revidov\u00e1no dne 16. 7. 2021.<\/p>\n\n\n\n<p><span style=\"color: #003366;\"><strong><span style=\"color:#003153\" class=\"has-inline-color\">ZP\u011aTN\u00c1 VAZBA A KONTAKTN\u00cd \u00daDAJE<\/span><br><\/strong><\/span>Zp\u011btnou vazbu a ve\u0161ker\u00e9 informace poskytne mana\u017eer kvality DM\u00a0<strong>Tom\u00e1\u0161 Kadlec <\/strong>(e-mail:\u00a0kadlec.dmklast@seznam.cz, tel.: 702243928)<strong>\u00a0<\/strong>nebo na adrese<strong> Domov ml\u00e1de\u017ee a za\u0159\u00edzen\u00ed \u0161koln\u00edho stravov\u00e1n\u00ed Brno, p.o., Kl\u00e1\u0161tersk\u00e9ho 4, 617 00, Brno.<\/strong><\/p>\n\n\n\n<p><span style=\"color: #003366;\"><strong><span style=\"color:#003153\" class=\"has-inline-color\">POSTUPY PRO PROSAZOV\u00c1N\u00cd PR\u00c1VA<\/span><br><\/strong><\/span>Z\u0159izovatelem organizace, na kter\u00e9ho se m\u016f\u017eete obr\u00e1tit je<strong> Odbor \u0161kolstv\u00ed Jihomoravsk\u00e9ho kraje <\/strong>(adresa: Cejl 73, 601 82 Brno, e-mail: podatelna@kr-jihomoravsky.cz).<\/p>\n","protected":false},"excerpt":{"rendered":"<p>Domov ml\u00e1de\u017ee a za\u0159\u00edzen\u00ed \u0161koln\u00edho stravov\u00e1n\u00ed Brno, p.o. se zavazuje k zp\u0159\u00edstupn\u011bn\u00ed sv\u00e9 webov\u00e9 str\u00e1nky v souladu s vnitrost\u00e1tn\u00edmi pr\u00e1vn\u00edmi p\u0159edpisy, kter\u00e9 prov\u00e1d\u011bj\u00ed sm\u011brnici Evropsk\u00e9ho parlamentu a Rady (EU) 2016\/2102 ze dne 26.10. 2016 o p\u0159\u00edstupnosti webov\u00fdch str\u00e1nek a mobiln\u00edch aplikac\u00ed subjekt\u016f ve\u0159ejn\u00e9ho sektoru. Toto prohl\u00e1\u0161en\u00ed o p\u0159\u00edstupnosti se vztahuje na tuto webovou str\u00e1nku. STAV &hellip; <a href=\"https:\/\/www.dmklast4.cz\/index.php\/prohlaseni-o-pristupnosti\/\" class=\"more-link\">Pokra\u010dov\u00e1n\u00ed textu <span class=\"screen-reader-text\">Prohl\u00e1\u0161en\u00ed o p\u0159\u00edstupnosti<\/span><\/a><\/p>\n","protected":false},"author":3,"featured_media":0,"parent":0,"menu_order":0,"comment_status":"closed","ping_status":"closed","template":"","meta":{"footnotes":""},"class_list":["post-491","page","type-page","status-publish","hentry"],"_links":{"self":[{"href":"https:\/\/www.dmklast4.cz\/index.php\/wp-json\/wp\/v2\/pages\/491","targetHints":{"allow":["GET"]}}],"collection":[{"href":"https:\/\/www.dmklast4.cz\/index.php\/wp-json\/wp\/v2\/pages"}],"about":[{"href":"https:\/\/www.dmklast4.cz\/index.php\/wp-json\/wp\/v2\/types\/page"}],"author":[{"embeddable":true,"href":"https:\/\/www.dmklast4.cz\/index.php\/wp-json\/wp\/v2\/users\/3"}],"replies":[{"embeddable":true,"href":"https:\/\/www.dmklast4.cz\/index.php\/wp-json\/wp\/v2\/comments?post=491"}],"version-history":[{"count":2,"href":"https:\/\/www.dmklast4.cz\/index.php\/wp-json\/wp\/v2\/pages\/491\/revisions"}],"predecessor-version":[{"id":2847,"href":"https:\/\/www.dmklast4.cz\/index.php\/wp-json\/wp\/v2\/pages\/491\/revisions\/2847"}],"wp:attachment":[{"href":"https:\/\/www.dmklast4.cz\/index.php\/wp-json\/wp\/v2\/media?parent=491"}],"curies":[{"name":"wp","href":"https:\/\/api.w.org\/{rel}","templated":true}]}}