{"id":4172,"date":"2023-08-25T12:05:29","date_gmt":"2023-08-25T10:05:29","guid":{"rendered":"http:\/\/www.dmklast4.cz\/?page_id=4172"},"modified":"2023-09-07T14:28:46","modified_gmt":"2023-09-07T12:28:46","slug":"vnitrni-oznamovaci-system","status":"publish","type":"page","link":"https:\/\/www.dmklast4.cz\/index.php\/vnitrni-oznamovaci-system\/","title":{"rendered":"Vnit\u0159n\u00ed oznamovac\u00ed syst\u00e9m"},"content":{"rendered":"\n<p>Na z\u00e1klad\u011b sm\u011brnice Evropsk\u00e9ho parlamentu a Rady (EU) 2019\/1937 ze dne 23. \u0159\u00edjna 2019, o ochran\u011b osob, kter\u00e9 oznamuj\u00ed poru\u0161en\u00ed pr\u00e1va Unie (d\u00e1le jen \u201eSm\u011brnice\u201c), zavedl Domov ml\u00e1de\u017ee a za\u0159\u00edzen\u00ed \u0161koln\u00edho stravov\u00e1n\u00ed Brno, p\u0159\u00edsp\u011bvkov\u00e1 organizace (d\u00e1le jen DM) vnit\u0159n\u00ed oznamovac\u00ed syst\u00e9m, kter\u00fd je ur\u010den osob\u00e1m, kter\u00e9 se v souvislosti s prac\u00ed nebo jinou obdobnou \u010dinnost\u00ed dozv\u011bd\u011bly <strong>o protipr\u00e1vn\u00edm jedn\u00e1n\u00ed.<\/strong><\/p>\n\n\n\n<p><strong>Jedn\u00e1 se o protipr\u00e1vn\u00ed jedn\u00e1n\u00ed, kter\u00e9<\/strong><\/p>\n\n\n\n<ol class=\"wp-block-list\">\n<li>m\u00e1 znaky trestn\u00e9ho \u010dinu,<\/li>\n\n\n\n<li>m\u00e1 znaky p\u0159estupku, za kter\u00fd z\u00e1kon stanov\u00ed sazbu pokuty, jej\u00ed\u017e horn\u00ed hranice je alespo\u0148 100 000 K\u010d,<\/li>\n\n\n\n<li>poru\u0161uje z\u00e1kon \u010d. 171\/2023 Sb., o ochran\u011b oznamovatel\u016f (d\u00e1le jen \u201ez\u00e1kon o ochran\u011b oznamovatel\u016f\u201c) nebo<\/li>\n\n\n\n<li>poru\u0161uje jin\u00fd pr\u00e1vn\u00ed p\u0159edpis nebo p\u0159edpis Evropsk\u00e9 unie v oblasti:<\/li>\n<\/ol>\n\n\n\n<ul class=\"wp-block-list\">\n<li>finan\u010dn\u00edch slu\u017eeb, povinn\u00e9ho auditu a jin\u00fdch ov\u011b\u0159ovac\u00edch slu\u017eeb, finan\u010dn\u00edch produkt\u016f a finan\u010dn\u00edch trh\u016f,<\/li>\n\n\n\n<li>dan\u011b z p\u0159\u00edjm\u016f pr\u00e1vnick\u00fdch osob,<\/li>\n\n\n\n<li>p\u0159edch\u00e1zen\u00ed legalizaci v\u00fdnos\u016f z trestn\u00e9 \u010dinnosti a financov\u00e1n\u00ed terorismu,<\/li>\n\n\n\n<li>ochrany spot\u0159ebitele,<\/li>\n\n\n\n<li>souladu s po\u017eadavky na v\u00fdrobky v\u010detn\u011b jejich bezpe\u010dnosti,<\/li>\n\n\n\n<li>bezpe\u010dnosti dopravy, p\u0159epravy a provozu na pozemn\u00edch komunikac\u00edch,<\/li>\n\n\n\n<li>ochrany \u017eivotn\u00edho prost\u0159ed\u00ed,<\/li>\n\n\n\n<li>bezpe\u010dnosti potravin a krmiv a ochrany zv\u00ed\u0159at a jejich zdrav\u00ed,<\/li>\n\n\n\n<li>radia\u010dn\u00ed ochrany a jadern\u00e9 bezpe\u010dnosti,<\/li>\n\n\n\n<li>hospod\u00e1\u0159sk\u00e9 sout\u011b\u017ee, ve\u0159ejn\u00fdch dra\u017eeb a zad\u00e1v\u00e1n\u00ed ve\u0159ejn\u00fdch zak\u00e1zek,<\/li>\n\n\n\n<li>ochrany vnit\u0159n\u00edho po\u0159\u00e1dku a bezpe\u010dnosti, \u017eivota a zdrav\u00ed,<\/li>\n\n\n\n<li>ochrany osobn\u00edch \u00fadaj\u016f, soukrom\u00ed a bezpe\u010dnosti s\u00edt\u00ed elektronick\u00fdch komunikac\u00ed a informa\u010dn\u00edch syst\u00e9m\u016f,<\/li>\n\n\n\n<li>ochrany finan\u010dn\u00edch z\u00e1jm\u016f Evropsk\u00e9 unie nebo<\/li>\n\n\n\n<li>fungov\u00e1n\u00ed vnit\u0159n\u00edho trhu v\u010detn\u011b ochrany hospod\u00e1\u0159sk\u00e9 sout\u011b\u017ee a st\u00e1tn\u00ed podpory podle pr\u00e1va Evropsk\u00e9 unie.<\/li>\n<\/ul>\n\n\n\n<p><strong>Ozn\u00e1men\u00ed mus\u00ed obsahovat<\/strong> \u00fadaje o jm\u00e9nu, p\u0159\u00edjmen\u00ed a datu narozen\u00ed nebo jin\u00e9 \u00fadaje, z nich\u017e je mo\u017en\u00e9 dovodit toto\u017enost oznamovatele.<\/p>\n\n\n\n<p><strong>DM p\u0159ij\u00edm\u00e1 pouze ozn\u00e1men\u00ed<\/strong> od osoby, kter\u00e1, by\u0165 zprost\u0159edkovan\u011b, pro DM vykon\u00e1vala nebo vykon\u00e1v\u00e1 pr\u00e1ci nebo jinou obdobnou \u010dinnost podle \u00a7 2 odst. 3 p\u00edsm. a), b), h) nebo i) z\u00e1kona o ochran\u011b oznamovatel\u016f. T\u00edm se rozum\u00ed z\u00e1visl\u00e1 pr\u00e1ce vykon\u00e1van\u00e1 v z\u00e1kladn\u00edm pracovn\u011bpr\u00e1vn\u00edm vztahu, slu\u017eba, dobrovolnick\u00e1 \u010dinnost nebo odborn\u00e1 praxe \u010di st\u00e1\u017e.<\/p>\n\n\n\n<p><strong>DM vylu\u010duje p\u0159ij\u00edm\u00e1n\u00ed ozn\u00e1men\u00ed<\/strong> od osoby, kter\u00e1 pro n\u011bj nevykon\u00e1v\u00e1 pr\u00e1ci nebo jinou obdobnou \u010dinnost podle \u00a7 2 odst. 3 p\u00edsm. a), b), h) nebo i) z\u00e1kona o ochran\u011b oznamovatel\u016f.<\/p>\n\n\n\n<p>Osob\u011b, kter\u00e1 v souladu se z\u00e1konem o ochran\u011b oznamovatel\u016f u\u010dinila ozn\u00e1men\u00ed a m\u011bla opr\u00e1vn\u011bn\u00e9 d\u016fvody se domn\u00edvat, \u017ee ozn\u00e1men\u00ed v\u00fd\u0161e uveden\u00e9ho protipr\u00e1vn\u00edho jedn\u00e1n\u00ed se zakl\u00e1d\u00e1 na pravdiv\u00fdch informac\u00edch, n\u00e1le\u017e\u00ed <strong>ochrana p\u0159ed odvetn\u00fdm opat\u0159en\u00edm.<\/strong> Tato ochrana spo\u010d\u00edv\u00e1 nap\u0159. v z\u00e1kazu rozv\u00e1z\u00e1n\u00ed pracovn\u00edho pom\u011bru nebo neprodlou\u017een\u00ed pracovn\u00edho pom\u011bru na dobu ur\u010ditou, sn\u00ed\u017een\u00ed mzdy, platu nebo odm\u011bny \u010di nep\u0159izn\u00e1n\u00ed osobn\u00edho p\u0159\u00edplatku, v\u00fdpov\u011bdi, neumo\u017en\u011bn\u00ed odborn\u00e9ho rozvoje atd. a vztahuje se i na osoby uveden\u00e9 v \u00a7 4 odst. 2 z\u00e1kona o ochran\u011b oznamovatel\u016f. Rovn\u011b\u017e bude zaji\u0161t\u011bna d\u016fv\u011brnost vztahuj\u00edc\u00ed se k toto\u017enosti oznamovatele (p\u0159\u00edpadn\u011b dal\u0161\u00edch dot\u010den\u00fdch osob) a k informac\u00edm uveden\u00fdm v ozn\u00e1men\u00ed.<\/p>\n\n\n\n<p><strong>P\u0159\u00edslu\u0161n\u00e1 osoba<\/strong> pro p\u0159ij\u00edm\u00e1n\u00ed ozn\u00e1men\u00ed dle Sm\u011brnice:<br>Bc. Tom\u00e1\u0161 Kadlec, <em>mana\u017eer kvality<\/em><\/p>\n\n\n\n<h2 class=\"wp-block-heading has-text-color\" style=\"color:#003153\">ZP\u016eSOBY POD\u00c1N\u00cd OZN\u00c1MEN\u00cd<\/h2>\n\n\n\n<ul class=\"wp-block-list\">\n<li>prost\u0159ednictv\u00edm emailu: kadlec.dmklast@seznam.cz<\/li>\n\n\n\n<li>po\u0161tou na adresu: \u201ek ruk\u00e1m Bc. Tom\u00e1\u0161e Kadlece \u2013 neotev\u00edrat\u201c, Domov ml\u00e1de\u017ee a za\u0159\u00edzen\u00ed \u0161koln\u00edho stravov\u00e1n\u00ed Brno, p.o., Kl\u00e1\u0161tersk\u00e9ho 620\/4, 617 00, Brno<\/li>\n\n\n\n<li>prost\u0159ednictv\u00edm telefonu: 702 243 928<\/li>\n\n\n\n<li>osobn\u011b po p\u0159edchoz\u00ed p\u00edsemn\u00e9 nebo telefonick\u00e9 domluv\u011b s p\u0159\u00edslu\u0161nou osobou<\/li>\n<\/ul>\n\n\n\n<div class=\"wp-block-buttons is-layout-flex wp-block-buttons-is-layout-flex\">\n<div class=\"wp-block-button has-custom-font-size\" style=\"font-size:18px\"><a class=\"wp-block-button__link has-background wp-element-button\" href=\"http:\/\/www.dmklast4.cz\/wp-content\/uploads\/2023\/09\/Oznameni-protipravniho-jednani-1.pdf\" style=\"background-color:#003153\" target=\"_blank\" rel=\"noreferrer noopener\">Formul\u00e1\u0159<\/a><\/div>\n<\/div>\n\n\n\n<p><\/p>\n\n\n\n<p>Po obdr\u017een\u00ed ozn\u00e1men\u00ed bude oznamovatel vyrozum\u011bn o p\u0159ijet\u00ed ozn\u00e1men\u00ed ve lh\u016ft\u011b 7 dn\u00ed od jeho pod\u00e1n\u00ed. O v\u00fdsledc\u00edch pro\u0161et\u0159en\u00ed a posouzen\u00ed ozn\u00e1men\u00ed bude vyrozum\u011bn do 30 dn\u016f ode dne p\u0159ijet\u00ed ozn\u00e1men\u00ed. V p\u0159\u00edpadech skutkov\u011b nebo pr\u00e1vn\u011b slo\u017eit\u00fdch lze tuto lh\u016ftu prodlou\u017eit a\u017e o 30 dn\u016f, nejv\u00fd\u0161e v\u0161ak dvakr\u00e1t. O prodlou\u017een\u00ed lh\u016fty a d\u016fvodech pro jej\u00ed prodlou\u017een\u00ed p\u0159\u00edslu\u0161n\u00e1 osoba oznamovatele p\u00edsemn\u011b vyrozum\u00ed p\u0159ed jej\u00edm uplynut\u00edm.<\/p>\n\n\n\n<h2 class=\"wp-block-heading has-text-color\" style=\"color:#003153\">EXTERN\u00cd OZNAMOVAC\u00cd SYST\u00c9M MINISTERSTVA SPRAVEDLNOSTI<\/h2>\n\n\n\n<p>Ozn\u00e1men\u00ed je mo\u017eno podat t\u00e9\u017e prost\u0159ednictv\u00edm Ministerstva spravedlnosti \u010cR, a to osobn\u011b, telefonicky, e-mailem nebo prost\u0159ednictv\u00edm zabezpe\u010den\u00e9ho elektronick\u00e9ho formul\u00e1\u0159e.<\/p>\n\n\n\n<ul class=\"wp-block-list\">\n<li>telefon: 221 997 840 (telefonn\u00ed hovory nejsou nahr\u00e1v\u00e1ny)<\/li>\n\n\n\n<li>e-mail: oznamovatel@msp.justice.cz<\/li>\n\n\n\n<li><a rel=\"noreferrer noopener\" href=\"https:\/\/oznamovatel.justice.cz\/chci-podat-oznameni\/\" target=\"_blank\">zabezpe\u010den\u00fd elektronick\u00fd formul\u00e1\u0159<\/a><\/li>\n<\/ul>\n\n\n\n<p>Bli\u017e\u0161\u00ed informace vztahuj\u00edc\u00ed se k oznamov\u00e1n\u00ed v\u00fd\u0161e uveden\u00fdch protipr\u00e1vn\u00edch jedn\u00e1n\u00ed jsou uvedeny v<strong> z\u00e1kon\u011b o ochran\u011b oznamovatel\u016f, Sm\u011brnici a d\u00e1le v Metodice k p\u0159\u00edm\u00e9 aplikovatelnosti sm\u011brnice Evropsk\u00e9ho parlamentu a Rady (EU) 2019\/1937 ze dne 23. \u0159\u00edjna 2019 o ochran\u011b osob, kter\u00e9 oznamuj\u00ed poru\u0161en\u00ed pr\u00e1va Unie.<\/strong><\/p>\n\n\n\n<p><\/p>\n","protected":false},"excerpt":{"rendered":"<p>Na z\u00e1klad\u011b sm\u011brnice Evropsk\u00e9ho parlamentu a Rady (EU) 2019\/1937 ze dne 23. \u0159\u00edjna 2019, o ochran\u011b osob, kter\u00e9 oznamuj\u00ed poru\u0161en\u00ed pr\u00e1va Unie (d\u00e1le jen \u201eSm\u011brnice\u201c), zavedl Domov ml\u00e1de\u017ee a za\u0159\u00edzen\u00ed \u0161koln\u00edho stravov\u00e1n\u00ed Brno, p\u0159\u00edsp\u011bvkov\u00e1 organizace (d\u00e1le jen DM) vnit\u0159n\u00ed oznamovac\u00ed syst\u00e9m, kter\u00fd je ur\u010den osob\u00e1m, kter\u00e9 se v souvislosti s prac\u00ed nebo jinou obdobnou \u010dinnost\u00ed &hellip; <a href=\"https:\/\/www.dmklast4.cz\/index.php\/vnitrni-oznamovaci-system\/\" class=\"more-link\">Pokra\u010dov\u00e1n\u00ed textu <span class=\"screen-reader-text\">Vnit\u0159n\u00ed oznamovac\u00ed syst\u00e9m<\/span><\/a><\/p>\n","protected":false},"author":3,"featured_media":0,"parent":0,"menu_order":0,"comment_status":"closed","ping_status":"closed","template":"","meta":{"footnotes":""},"class_list":["post-4172","page","type-page","status-publish","hentry"],"_links":{"self":[{"href":"https:\/\/www.dmklast4.cz\/index.php\/wp-json\/wp\/v2\/pages\/4172","targetHints":{"allow":["GET"]}}],"collection":[{"href":"https:\/\/www.dmklast4.cz\/index.php\/wp-json\/wp\/v2\/pages"}],"about":[{"href":"https:\/\/www.dmklast4.cz\/index.php\/wp-json\/wp\/v2\/types\/page"}],"author":[{"embeddable":true,"href":"https:\/\/www.dmklast4.cz\/index.php\/wp-json\/wp\/v2\/users\/3"}],"replies":[{"embeddable":true,"href":"https:\/\/www.dmklast4.cz\/index.php\/wp-json\/wp\/v2\/comments?post=4172"}],"version-history":[{"count":17,"href":"https:\/\/www.dmklast4.cz\/index.php\/wp-json\/wp\/v2\/pages\/4172\/revisions"}],"predecessor-version":[{"id":4218,"href":"https:\/\/www.dmklast4.cz\/index.php\/wp-json\/wp\/v2\/pages\/4172\/revisions\/4218"}],"wp:attachment":[{"href":"https:\/\/www.dmklast4.cz\/index.php\/wp-json\/wp\/v2\/media?parent=4172"}],"curies":[{"name":"wp","href":"https:\/\/api.w.org\/{rel}","templated":true}]}}

Vnitřní oznamovací systém

<p>Na základě směrnice Evropského parlamentu a Rady (EU) 2019/1937 ze dne 23. října 2019, o ochraně osob, které oznamují porušení práva Unie (dále jen „Směrnice“), zavedl Domov mládeže a zařízení školního stravování Brno, příspěvková organizace (dále jen DM) vnitřní oznamovací systém, který je určen osobám, které se v souvislosti s prací nebo jinou obdobnou činností dozvěděly <strong>o protiprávním jednání.</strong></p>



<p><strong>Jedná se o protiprávní jednání, které</strong></p>



<ol class="wp-block-list">
<li>má znaky trestného činu,</li>



<li>má znaky přestupku, za který zákon stanoví sazbu pokuty, jejíž horní hranice je alespoň 100 000 Kč,</li>



<li>porušuje zákon č. 171/2023 Sb., o ochraně oznamovatelů (dále jen „zákon o ochraně oznamovatelů“) nebo</li>



<li>porušuje jiný právní předpis nebo předpis Evropské unie v oblasti:</li>
</ol>



<ul class="wp-block-list">
<li>finančních služeb, povinného auditu a jiných ověřovacích služeb, finančních produktů a finančních trhů,</li>



<li>daně z příjmů právnických osob,</li>



<li>předcházení legalizaci výnosů z trestné činnosti a financování terorismu,</li>



<li>ochrany spotřebitele,</li>



<li>souladu s požadavky na výrobky včetně jejich bezpečnosti,</li>



<li>bezpečnosti dopravy, přepravy a provozu na pozemních komunikacích,</li>



<li>ochrany životního prostředí,</li>



<li>bezpečnosti potravin a krmiv a ochrany zvířat a jejich zdraví,</li>



<li>radiační ochrany a jaderné bezpečnosti,</li>



<li>hospodářské soutěže, veřejných dražeb a zadávání veřejných zakázek,</li>



<li>ochrany vnitřního pořádku a bezpečnosti, života a zdraví,</li>



<li>ochrany osobních údajů, soukromí a bezpečnosti sítí elektronických komunikací a informačních systémů,</li>



<li>ochrany finančních zájmů Evropské unie nebo</li>



<li>fungování vnitřního trhu včetně ochrany hospodářské soutěže a státní podpory podle práva Evropské unie.</li>
</ul>



<p><strong>Oznámení musí obsahovat</strong> údaje o jménu, příjmení a datu narození nebo jiné údaje, z nichž je možné dovodit totožnost oznamovatele.</p>



<p><strong>DM přijímá pouze oznámení</strong> od osoby, která, byť zprostředkovaně, pro DM vykonávala nebo vykonává práci nebo jinou obdobnou činnost podle § 2 odst. 3 písm. a), b), h) nebo i) zákona o ochraně oznamovatelů. Tím se rozumí závislá práce vykonávaná v základním pracovněprávním vztahu, služba, dobrovolnická činnost nebo odborná praxe či stáž.</p>



<p><strong>DM vylučuje přijímání oznámení</strong> od osoby, která pro něj nevykonává práci nebo jinou obdobnou činnost podle § 2 odst. 3 písm. a), b), h) nebo i) zákona o ochraně oznamovatelů.</p>



<p>Osobě, která v souladu se zákonem o ochraně oznamovatelů učinila oznámení a měla oprávněné důvody se domnívat, že oznámení výše uvedeného protiprávního jednání se zakládá na pravdivých informacích, náleží <strong>ochrana před odvetným opatřením.</strong> Tato ochrana spočívá např. v zákazu rozvázání pracovního poměru nebo neprodloužení pracovního poměru na dobu určitou, snížení mzdy, platu nebo odměny či nepřiznání osobního příplatku, výpovědi, neumožnění odborného rozvoje atd. a vztahuje se i na osoby uvedené v § 4 odst. 2 zákona o ochraně oznamovatelů. Rovněž bude zajištěna důvěrnost vztahující se k totožnosti oznamovatele (případně dalších dotčených osob) a k informacím uvedeným v oznámení.</p>



<p><strong>Příslušná osoba</strong> pro přijímání oznámení dle Směrnice:<br>Bc. Tomáš Kadlec, <em>manažer kvality</em></p>



<h2 class="wp-block-heading has-text-color" style="color:#003153">ZPŮSOBY PODÁNÍ OZNÁMENÍ</h2>



<ul class="wp-block-list">
<li>prostřednictvím emailu: kadlec.dmklast@seznam.cz</li>



<li>poštou na adresu: „k rukám Bc. Tomáše Kadlece – neotevírat“, Domov mládeže a zařízení školního stravování Brno, p.o., Klášterského 620/4, 617 00, Brno</li>



<li>prostřednictvím telefonu: 702 243 928</li>



<li>osobně po předchozí písemné nebo telefonické domluvě s příslušnou osobou</li>
</ul>



<div class="wp-block-buttons is-layout-flex wp-block-buttons-is-layout-flex">
<div class="wp-block-button has-custom-font-size" style="font-size:18px"><a class="wp-block-button__link has-background wp-element-button" href="http://www.dmklast4.cz/wp-content/uploads/2023/09/Oznameni-protipravniho-jednani-1.pdf" style="background-color:#003153" target="_blank" rel="noreferrer noopener">Formulář</a></div>
</div>



<p></p>



<p>Po obdržení oznámení bude oznamovatel vyrozuměn o přijetí oznámení ve lhůtě 7 dní od jeho podání. O výsledcích prošetření a posouzení oznámení bude vyrozuměn do 30 dnů ode dne přijetí oznámení. V případech skutkově nebo právně složitých lze tuto lhůtu prodloužit až o 30 dnů, nejvýše však dvakrát. O prodloužení lhůty a důvodech pro její prodloužení příslušná osoba oznamovatele písemně vyrozumí před jejím uplynutím.</p>



<h2 class="wp-block-heading has-text-color" style="color:#003153">EXTERNÍ OZNAMOVACÍ SYSTÉM MINISTERSTVA SPRAVEDLNOSTI</h2>



<p>Oznámení je možno podat též prostřednictvím Ministerstva spravedlnosti ČR, a to osobně, telefonicky, e-mailem nebo prostřednictvím zabezpečeného elektronického formuláře.</p>



<ul class="wp-block-list">
<li>telefon: 221 997 840 (telefonní hovory nejsou nahrávány)</li>



<li>e-mail: oznamovatel@msp.justice.cz</li>



<li><a rel="noreferrer noopener" href="https://oznamovatel.justice.cz/chci-podat-oznameni/" target="_blank">zabezpečený elektronický formulář</a></li>
</ul>



<p>Bližší informace vztahující se k oznamování výše uvedených protiprávních jednání jsou uvedeny v<strong> zákoně o ochraně oznamovatelů, Směrnici a dále v Metodice k přímé aplikovatelnosti směrnice Evropského parlamentu a Rady (EU) 2019/1937 ze dne 23. října 2019 o ochraně osob, které oznamují porušení práva Unie.</strong></p>



<p></p>

<p>Na základě směrnice Evropského parlamentu a Rady (EU) 2019/1937 ze dne 23. října 2019, o ochraně osob, které oznamují porušení práva Unie (dále jen „Směrnice“), zavedl Domov mládeže a zařízení školního stravování Brno, příspěvková organizace (dále jen DM) vnitřní oznamovací systém, který je určen osobám, které se v souvislosti s prací nebo jinou obdobnou činností &hellip; <a href="https://www.dmklast4.cz/index.php/vnitrni-oznamovaci-system/" class="more-link">Pokračování textu <span class="screen-reader-text">Vnitřní oznamovací systém</span></a></p>
