{"id":24,"date":"2017-08-14T05:17:39","date_gmt":"2017-08-14T05:17:39","guid":{"rendered":"http:\/\/www.dmklast4.cz\/rs\/wordpress\/?page_id=24"},"modified":"2026-03-19T11:46:01","modified_gmt":"2026-03-19T10:46:01","slug":"stravovani","status":"publish","type":"page","link":"https:\/\/www.dmklast4.cz\/index.php\/stravovani\/","title":{"rendered":"Stravov\u00e1n\u00ed"},"content":{"rendered":"\n<p><strong>DM pro ubytovan\u00e9 zaji\u0161\u0165uje sn\u00eddan\u011b s p\u0159esn\u00edd\u00e1vkou a ve\u010de\u0159e <\/strong>(viz <a href=\"http:\/\/www.dmklast4.cz\/index.php\/o-nas\/fotogalerie\/\" target=\"_blank\" rel=\"noreferrer noopener\">fotogalerie<\/a>).<strong> Ob\u011bdy zaji\u0161\u0165uj\u00ed p\u0159\u00edslu\u0161n\u00e9 \u0161koly. <\/strong>Dodavatelem stravy je Masaryk\u016fv domov ml\u00e1de\u017ee a \u0160koln\u00ed j\u00eddelna Brno, p.o., Cihl\u00e1\u0159sk\u00e1 604\/21, Brno-Veve\u0159\u00ed. V\u00fdb\u011br ve\u010de\u0159e je mo\u017en\u00fd ze t\u0159\u00ed j\u00eddel.<strong> <\/strong>Pravideln\u00e9 stravov\u00e1n\u00ed za\u010d\u00edn\u00e1 s po\u010d\u00e1tkem \u0161koln\u00edho roku, druh\u00fdm dnem od n\u00e1stupu do DM.<\/p>\n\n\n\n<p>Podm\u00ednkou pro objedn\u00e1n\u00ed stravy je vlo\u017een\u00ed platby na stravovac\u00ed \u00fa\u010det \u017e\u00e1ka. Stravu nelze objednat, pokud na stravovac\u00edm \u00fa\u010dtu nen\u00ed dostatek finan\u010dn\u00edch prost\u0159edk\u016f. V\u00fd\u0161i konta m\u016f\u017eete sledovat na <strong>objedn\u00e1vkov\u00e9m termin\u00e1lu,<\/strong> ve va\u0161em \u00fa\u010dtu na <strong><a href=\"https:\/\/www.strava.cz\" target=\"_blank\" rel=\"noreferrer noopener\">www.strava.cz<\/a><\/strong> ebo v mobiln\u00ed aplikaci <strong>Strava.cz.<\/strong><\/p>\n\n\n\n<div class=\"wp-block-buttons is-layout-flex wp-block-buttons-is-layout-flex\">\n<div class=\"wp-block-button\"><a class=\"wp-block-button__link has-background has-custom-font-size wp-element-button\" href=\"http:\/\/www.dmklast4.cz\/wp-content\/uploads\/2026\/03\/P-05-Vnitrni-rad-jidelen-a-vydejen-8.pdf\" style=\"background-color:#003153;font-size:16px\" target=\"_blank\" rel=\"noreferrer noopener\">VNIT\u0158N\u00cd \u0158\u00c1D J\u00cdDELEN A V\u00ddDEJEN dm<\/a><\/div>\n<\/div>\n\n\n\n<h2 class=\"wp-block-heading\"><strong><span style=\"color:#003153\" class=\"has-inline-color\">M\u00cdSTO A \u010cAS V\u00ddDEJE POKRM\u016e<\/span><\/strong><\/h2>\n\n\n\n<p>Pokrmy se vyd\u00e1vaj\u00ed <strong>ve v\u00fddejn\u00e1ch stravy na 3., 7. a 11. podla\u017e\u00ed<\/strong><br>v n\u00e1sleduj\u00edc\u00edm \u010dasov\u00e9m rozmez\u00ed:<\/p>\n\n\n\n<p><strong>Sn\u00eddan\u011b<\/strong>&nbsp; &nbsp; &nbsp; 6:00\u20137:30<br><strong>Ve\u010de\u0159e&nbsp; &nbsp; &nbsp; &nbsp;&nbsp;<\/strong>17:15\u201318:45<\/p>\n\n\n\n<h2 class=\"wp-block-heading\"><mark style=\"background-color:rgba(0, 0, 0, 0);color:#003153\" class=\"has-inline-color\">FINAN\u010cN\u00cd LIMIT NA N\u00c1KUP POTRAVIN<\/mark><\/h2>\n\n\n\n<p>Na z\u00e1klad\u011b vyhl\u00e1\u0161ky o \u0161koln\u00edm stravov\u00e1n\u00ed \u010d. 107\/2005 Sb.<br>a jej\u00ed novely \u010d. 107\/2008 Sb.:<\/p>\n\n\n\n<p><strong>Sn\u00eddan\u011b, p\u0159esn\u00edd\u00e1vka a sva\u010dina<\/strong>&nbsp;&nbsp; &nbsp;&nbsp;&nbsp;&nbsp;&nbsp; <strong>37 K\u010d<br>Ve\u010de\u0159e<\/strong>&nbsp; &nbsp; &nbsp; &nbsp; &nbsp; &nbsp; &nbsp; &nbsp; &nbsp; &nbsp; &nbsp; &nbsp; &nbsp; &nbsp; &nbsp; &nbsp; &nbsp; &nbsp; &nbsp; &nbsp; &nbsp; &nbsp; &nbsp; &nbsp; &nbsp; &nbsp; &nbsp; &nbsp; &nbsp;<strong>42 K\u010d<\/strong><\/p>\n\n\n\n<p class=\"has-small-font-size\"><span style=\"color: #808080;\"><em>Ubytovan\u00fd m\u00e1 n\u00e1rok na druhou ve\u010de\u0159i v hodnot\u011b 24 K\u010d.<\/em><\/span><br><span style=\"color: #808080;\"><em>V p\u0159\u00edpad\u011b va\u0161eho z\u00e1jmu se obra\u0165te na vedouc\u00ed stravov\u00e1n\u00ed.<\/em><\/span><\/p>\n\n\n\n<h2 class=\"wp-block-heading\"><mark style=\"background-color:rgba(0, 0, 0, 0);color:#003153\" class=\"has-inline-color\">PLATBY<\/mark><\/h2>\n\n\n\n<p>N\u00e1kup je mo\u017en\u00fd<strong> bezhotovostn\u00ed platbou opat\u0159enou&nbsp;p\u0159id\u011blen\u00fdm variabiln\u00edm symbolem, <\/strong>kter\u00fd se b\u011bhem ubytovac\u00edho obdob\u00ed nem\u011bn\u00ed. <strong>Doporu\u010den\u00fd term\u00edn splatnosti je 15. dne p\u0159edch\u00e1zej\u00edc\u00edho m\u011bs\u00edce.<\/strong> Je t\u0159eba si uv\u011bdomit, \u017ee p\u0159evod financ\u00ed mezi pen\u011b\u017en\u00edmi \u00fastavy m\u016f\u017ee trvat i \u010dty\u0159i dny. Doporu\u010den\u00e1 v\u00fd\u0161e pravideln\u00fdch m\u011bs\u00ed\u010dn\u00edch plateb je 1450 K\u010d.<\/p>\n\n\n\n<h2 class=\"wp-block-heading\"><mark style=\"background-color:rgba(0, 0, 0, 0);color:#003153\" class=\"has-inline-color\">P\u0158IHLA\u0160OV\u00c1N\u00cd A ODHLA\u0160OV\u00c1N\u00cd<\/mark><\/h2>\n\n\n\n<p><strong>Vedouc\u00ed stravov\u00e1n\u00ed ka\u017ed\u00e9mu str\u00e1vn\u00edkovi zalo\u017e\u00ed \u00fa\u010det <\/strong>ve stravovac\u00edm syst\u00e9mu ViS (v\u00edce<strong>&nbsp;<\/strong>o syst\u00e9mu <a href=\"https:\/\/web.visplzen.cz\/produkty\/stravovaci-systemy\/\" target=\"_blank\" rel=\"noreferrer noopener\">zde<\/a>). <mark style=\"font-weight: bold; background-color: rgba(0, 0, 0, 0); color: rgb(237, 38, 48);\" class=\"has-inline-color\">Strava se p\u0159ihla\u0161uje a odhla\u0161uje den p\u0159edem, v\u017edy do 8:00 hodin pomoc\u00ed objedn\u00e1vkov\u00e9ho termin\u00e1lu<\/mark> <strong><mark style=\"background-color:rgba(0, 0, 0, 0);color:#ed2630\" class=\"has-inline-color\">(stravovac\u00edho \u010dipu) <\/mark><\/strong>ve vr\u00e1tnici DM. Dal\u0161\u00ed mo\u017enost\u00ed je vyu\u017eit\u00ed&nbsp;<strong><mark style=\"background-color:rgba(0, 0, 0, 0);color:#ed2630\" class=\"has-inline-color\">internetov\u00e9ho port\u00e1lu<\/mark><\/strong> \u010di <strong><strong><mark style=\"background-color:rgba(0, 0, 0, 0);color:#ed2630\" class=\"has-inline-color\">mobiln\u00ed aplikace,<\/mark><\/strong><\/strong>&nbsp;kde si str\u00e1vn\u00edk m\u016f\u017ee p\u0159ihl\u00e1sit stravu a\u017e na t\u00fdden dop\u0159edu.<\/p>\n\n\n\n<h4 class=\"wp-block-heading\"><mark style=\"background-color:rgba(0, 0, 0, 0);color:#003153\" class=\"has-inline-color\"><strong>STRAVOVAC\u00cd \u010cIP<\/strong><\/mark><\/h4>\n\n\n\n<p>Slou\u017e\u00ed k&nbsp;objedn\u00e1v\u00e1n\u00ed stravy na termin\u00e1lu ve vr\u00e1tnici DM a v\u00fddeji objednan\u00e9ho j\u00eddla ve v\u00fddejn\u011b stravy. Po zaplacen\u00ed z\u00e1lohy <strong>150 K\u010d<\/strong> si ubytovan\u00fd (p\u0159i n\u00e1stupu do DM) vyzvedne \u010dip u vedouc\u00ed stravov\u00e1n\u00ed. P\u0159i ukon\u010den\u00ed pobytu ubytovan\u00fd \u010dip vr\u00e1t\u00ed a z\u00e1lohu dostane zp\u011bt i s vy\u00fa\u010dtov\u00e1n\u00edm. Ubytovan\u00fd je povinen \u010dip vr\u00e1tit nejpozd\u011bji do 31. 12. kalend\u00e1\u0159n\u00edho roku, ve kter\u00e9m ukon\u010dil ubytov\u00e1n\u00ed. &nbsp;V&nbsp;p\u0159\u00edpad\u011b ztr\u00e1ty \u010dipu je nutn\u00e9 slo\u017eit z\u00e1lohu za nov\u00fd \u2013 pokud bude ztracen\u00fd \u010dip nalezen, vr\u00e1cen\u00ed p\u016fvodn\u00ed z\u00e1lohy ji\u017e nen\u00ed mo\u017en\u00e9.<\/p>\n\n\n\n<h4 class=\"wp-block-heading\"><strong><span style=\"background-color:rgba(0, 0, 0, 0);color:#003153\" class=\"has-inline-color\">INTERNET<\/span><\/strong><\/h4>\n\n\n\n<p>P\u0159ihla\u0161ujte se na port\u00e1lu <strong><a href=\"https:\/\/www.strava.cz\" target=\"_blank\" rel=\"noreferrer noopener\">www.strava.cz<\/a><\/strong>, pop\u0159\u00edpad\u011b v mobiln\u00ed aplikaci&nbsp;<strong>Strava.cz <\/strong>(Android) prost\u0159ednictv\u00edm e-mailu, kter\u00fd jste uvedli v p\u0159ihl\u00e1\u0161ce do DM. \u010c\u00cdSLO J\u00cdDELNY je 4078. Do pole U\u017dIVATEL uve\u010fte va\u0161e p\u0159\u00edjmen\u00ed a jm\u00e9no v n\u00e1sleduj\u00edc\u00edm form\u00e1tu: novakjan (mal\u00e1 p\u00edsmena, bez mezer a interpukce). HESLO je variabiln\u00ed symbol pro stravu (\u010dty\u0159m\u00edstn\u00e9 \u010d\u00edslo). Toto heslo si m\u016f\u017eete zm\u011bnit.<\/p>\n\n\n\n<h2 class=\"wp-block-heading\"><mark style=\"background-color:rgba(0, 0, 0, 0);color:#003153\" class=\"has-inline-color\">VEDOUC\u00cd STRAVOV\u00c1N\u00cd<\/mark><\/h2>\n\n\n\n<div class=\"wp-block-columns is-layout-flex wp-container-core-columns-is-layout-9d6595d7 wp-block-columns-is-layout-flex\">\n<div class=\"wp-block-column is-layout-flow wp-block-column-is-layout-flow\">\n<p><strong>V\u011bra Krej\u010d\u00ed<br><\/strong>krejci.dmklast@seznam.cz<br>777 039 292, 513&nbsp;034 997 <\/p>\n<\/div>\n\n\n\n<div class=\"wp-block-column is-layout-flow wp-block-column-is-layout-flow\">\n<p><strong>\u00da\u0159edn\u00ed hodiny<\/strong><br>Po, \u00dat, \u010ct, P\u00e1&nbsp;&nbsp; &nbsp;&nbsp;&nbsp;&nbsp;&nbsp; 5:30\u201314:00<br>St&nbsp;&nbsp; &nbsp;&nbsp;&nbsp;&nbsp;&nbsp; &nbsp;&nbsp; &nbsp;&nbsp;&nbsp;&nbsp;&nbsp; &nbsp;&nbsp; &nbsp;&nbsp;&nbsp;&nbsp;&nbsp; &nbsp; 5:30\u201315:00<\/p>\n<\/div>\n<\/div>\n","protected":false},"excerpt":{"rendered":"<p>DM pro ubytovan\u00e9 zaji\u0161\u0165uje sn\u00eddan\u011b s p\u0159esn\u00edd\u00e1vkou a ve\u010de\u0159e (viz fotogalerie). Ob\u011bdy zaji\u0161\u0165uj\u00ed p\u0159\u00edslu\u0161n\u00e9 \u0161koly. Dodavatelem stravy je Masaryk\u016fv domov ml\u00e1de\u017ee a \u0160koln\u00ed j\u00eddelna Brno, p.o., Cihl\u00e1\u0159sk\u00e1 604\/21, Brno-Veve\u0159\u00ed. V\u00fdb\u011br ve\u010de\u0159e je mo\u017en\u00fd ze t\u0159\u00ed j\u00eddel. Pravideln\u00e9 stravov\u00e1n\u00ed za\u010d\u00edn\u00e1 s po\u010d\u00e1tkem \u0161koln\u00edho roku, druh\u00fdm dnem od n\u00e1stupu do DM. Podm\u00ednkou pro objedn\u00e1n\u00ed stravy je vlo\u017een\u00ed &hellip; <a href=\"https:\/\/www.dmklast4.cz\/index.php\/stravovani\/\" class=\"more-link\">Pokra\u010dov\u00e1n\u00ed textu <span class=\"screen-reader-text\">Stravov\u00e1n\u00ed<\/span><\/a><\/p>\n","protected":false},"author":3,"featured_media":0,"parent":0,"menu_order":0,"comment_status":"closed","ping_status":"closed","template":"","meta":{"footnotes":""},"class_list":["post-24","page","type-page","status-publish","hentry"],"_links":{"self":[{"href":"https:\/\/www.dmklast4.cz\/index.php\/wp-json\/wp\/v2\/pages\/24","targetHints":{"allow":["GET"]}}],"collection":[{"href":"https:\/\/www.dmklast4.cz\/index.php\/wp-json\/wp\/v2\/pages"}],"about":[{"href":"https:\/\/www.dmklast4.cz\/index.php\/wp-json\/wp\/v2\/types\/page"}],"author":[{"embeddable":true,"href":"https:\/\/www.dmklast4.cz\/index.php\/wp-json\/wp\/v2\/users\/3"}],"replies":[{"embeddable":true,"href":"https:\/\/www.dmklast4.cz\/index.php\/wp-json\/wp\/v2\/comments?post=24"}],"version-history":[{"count":71,"href":"https:\/\/www.dmklast4.cz\/index.php\/wp-json\/wp\/v2\/pages\/24\/revisions"}],"predecessor-version":[{"id":5998,"href":"https:\/\/www.dmklast4.cz\/index.php\/wp-json\/wp\/v2\/pages\/24\/revisions\/5998"}],"wp:attachment":[{"href":"https:\/\/www.dmklast4.cz\/index.php\/wp-json\/wp\/v2\/media?parent=24"}],"curies":[{"name":"wp","href":"https:\/\/api.w.org\/{rel}","templated":true}]}}